{"id":96,"date":"2020-04-03T23:15:32","date_gmt":"2020-04-04T02:15:32","guid":{"rendered":"https:\/\/www.centralprojetores.com.br\/loja\/?post_type=product&#038;p=96"},"modified":"2025-03-28T11:33:10","modified_gmt":"2025-03-28T14:33:10","slug":"tela-de-projecao-eletrica-serie-a-tem100va-203-x-152","status":"publish","type":"product","link":"https:\/\/centralprojetores.com.br\/loja\/produto\/tela-de-projecao-eletrica-serie-a-tem100va-203-x-152","title":{"rendered":"TELA PROJE\u00c7\u00c3O EL\u00c9TRICA 100&#8243;"},"content":{"rendered":"<p><strong>Tela de Proje\u00e7\u00e3o El\u00e9trica<\/strong><\/p>\n<p>Visando o alto n\u00edvel de projetos no mercado nacional e com o intuito de proporcionar maior comodidade e conforto aos usu\u00e1rios, a TES lan\u00e7ou a linha de Telas El\u00e9tricas S\u00e9rie A, com acionamento autom\u00e1tico.<\/p>\n<p>As telas el\u00e9tricas TES S\u00e9rie A possuem estojo met\u00e1lico com pintura eletrost\u00e1tica resistente a riscos e corros\u00f5es, e podem ser facilmente instalados em teto, parede ou embutidas em m\u00f3veis.<\/p>\n<p>A superf\u00edcie de proje\u00e7\u00e3o \u00e9 do tipo Matte White (branco opaco), e as bordas pretas proporcionam um perfeito enquadramento da imagem.<\/p>\n<p><strong>Principais caracter\u00edsticas<\/strong><\/p>\n<p>\u2022 Acompanha Controle Remoto<br \/>\n\u2022 Limpeza do tecido \u00e9 feita com sab\u00e3o neutro e \u00e1gua<br \/>\n\u2022 Voltagem dispon\u00edvel: 110V ou 220V.<br \/>\n\u2022 Intercambi\u00e1vel com sensor de corrente<br \/>\n\u2022 N\u00e3o possui ajuste de borda<br \/>\n\u2022 N\u00e3o possui moldura<br \/>\n\u2022 Comprimento do estojo: 231,5 cm<br \/>\n\u2022 Dimens\u00f5es entre furos: 229,5 cm<br \/>\n\u2022 Altura: 164 cm<\/p>\n<p>&nbsp;<\/p>\n<p>&nbsp;<\/p>\n","protected":false},"excerpt":{"rendered":"<p><strong>Modelo: TEM100VA<\/strong><br \/>\n\u2022 Formato: 4:3 (V\u00eddeo)<br \/>\n\u2022 Diagonal (polegadas): 100&#8243;<br \/>\n\u2022 \u00c1rea de proje\u00e7\u00e3o: 203 x 152 cm<\/p>\n","protected":false},"featured_media":2069,"comment_status":"open","ping_status":"closed","template":"","meta":[],"product_brand":[],"product_cat":[230],"product_tag":[],"class_list":{"0":"post-96","1":"product","2":"type-product","3":"status-publish","4":"has-post-thumbnail","6":"product_cat-telas-de-projecao","8":"first","9":"outofstock","10":"sale","11":"taxable","12":"shipping-taxable","13":"purchasable","14":"product-type-simple"},"aioseo_notices":[],"_links":{"self":[{"href":"https:\/\/centralprojetores.com.br\/loja\/wp-json\/wp\/v2\/product\/96","targetHints":{"allow":["GET"]}}],"collection":[{"href":"https:\/\/centralprojetores.com.br\/loja\/wp-json\/wp\/v2\/product"}],"about":[{"href":"https:\/\/centralprojetores.com.br\/loja\/wp-json\/wp\/v2\/types\/product"}],"replies":[{"embeddable":true,"href":"https:\/\/centralprojetores.com.br\/loja\/wp-json\/wp\/v2\/comments?post=96"}],"wp:featuredmedia":[{"embeddable":true,"href":"https:\/\/centralprojetores.com.br\/loja\/wp-json\/wp\/v2\/media\/2069"}],"wp:attachment":[{"href":"https:\/\/centralprojetores.com.br\/loja\/wp-json\/wp\/v2\/media?parent=96"}],"wp:term":[{"taxonomy":"product_brand","embeddable":true,"href":"https:\/\/centralprojetores.com.br\/loja\/wp-json\/wp\/v2\/product_brand?post=96"},{"taxonomy":"product_cat","embeddable":true,"href":"https:\/\/centralprojetores.com.br\/loja\/wp-json\/wp\/v2\/product_cat?post=96"},{"taxonomy":"product_tag","embeddable":true,"href":"https:\/\/centralprojetores.com.br\/loja\/wp-json\/wp\/v2\/product_tag?post=96"}],"curies":[{"name":"wp","href":"https:\/\/api.w.org\/{rel}","templated":true}]}}

TELA PROJEÇÃO ELÉTRICA 100&#8243;

<p><strong>Tela de Projeção Elétrica</strong></p>
<p>Visando o alto nível de projetos no mercado nacional e com o intuito de proporcionar maior comodidade e conforto aos usuários, a TES lançou a linha de Telas Elétricas Série A, com acionamento automático.</p>
<p>As telas elétricas TES Série A possuem estojo metálico com pintura eletrostática resistente a riscos e corrosões, e podem ser facilmente instalados em teto, parede ou embutidas em móveis.</p>
<p>A superfície de projeção é do tipo Matte White (branco opaco), e as bordas pretas proporcionam um perfeito enquadramento da imagem.</p>
<p><strong>Principais características</strong></p>
<p>• Acompanha Controle Remoto<br />
• Limpeza do tecido é feita com sabão neutro e água<br />
• Voltagem disponível: 110V ou 220V.<br />
• Intercambiável com sensor de corrente<br />
• Não possui ajuste de borda<br />
• Não possui moldura<br />
• Comprimento do estojo: 231,5 cm<br />
• Dimensões entre furos: 229,5 cm<br />
• Altura: 164 cm</p>
<p>&nbsp;</p>
<p>&nbsp;</p>

<p><strong>Modelo: TEM100VA</strong><br />
• Formato: 4:3 (Vídeo)<br />
• Diagonal (polegadas): 100&#8243;<br />
• Área de projeção: 203 x 152 cm</p>
