{"id":2307,"date":"2023-11-22T11:47:21","date_gmt":"2023-11-22T14:47:21","guid":{"rendered":"https:\/\/centralprojetores.com.br\/loja\/?post_type=product&#038;p=2307"},"modified":"2025-05-13T15:50:35","modified_gmt":"2025-05-13T18:50:35","slug":"lampada-projetor-epson-w18-original-epson","status":"publish","type":"product","link":"https:\/\/centralprojetores.com.br\/loja\/produto\/lampada-projetor-epson-w18-original-epson","title":{"rendered":"L\u00c2MPADA PROJETOR EPSON W18 (ORIGINAL EPSON)"},"content":{"rendered":"<p>L\u00e2mpada compat\u00edvel, completa com suporte para projetor Epson.<\/p>\n<p><strong>Compat\u00edvel com os seguintes modelos:<\/strong><\/p>\n<p>Epson PowerLite W15+<br \/>\nEpson PowerLite S17 (H568A)<br \/>\nEpson PowerLite W17<br \/>\nEpson PowerLite X17<br \/>\nEpson PowerLite S18<br \/>\nEpson PowerLite S18+ (H552A)<br \/>\nEpson PowerLite W18<br \/>\nEpson PowerLite W18+<br \/>\nEpson PowerLite X21<br \/>\nEpson PowerLite X21+<br \/>\nEpson PowerLite X24<br \/>\nEpson PowerLite X24+ (H553A)<br \/>\nEpson PowerLite 99W<br \/>\nEpson PowerLite 98<br \/>\nEpson PowerLite 97<br \/>\nEpson PowerLite 965<br \/>\nEpson PowerLite 955W<br \/>\nEpson PowerLite 1222<br \/>\nEpson PowerLite 1262W<br \/>\nEpson PowerLite 1263W<br \/>\nEpson PowerLite Home Cinema 725HD<br \/>\nEpson PowerLite Home Cinema 730HD<br \/>\nEpson PowerLite Home Cinema 2000<br \/>\nEpson PowerLite Home Cinema 2030<br \/>\nEpson EX3220<br \/>\nEpson EX5220<br \/>\nEpson EX5230 Pro<br \/>\nEpson EX6220<br \/>\nEpson EX7220<br \/>\nEpson EX7230 Pro<br \/>\nEpson EX7235 Pro<br \/>\nEpson VS230 (H552F)<br \/>\nEpson VS330<br \/>\nEpson VS335W<\/p>\n","protected":false},"excerpt":{"rendered":"<p><strong>Modelo: ELPLP78 \/ V13H010L78<\/strong><br \/>\nL\u00e2mpada compat\u00edvel completa<\/p>\n","protected":false},"featured_media":2081,"comment_status":"open","ping_status":"closed","template":"","meta":[],"product_brand":[],"product_cat":[228],"product_tag":[],"class_list":{"0":"post-2307","1":"product","2":"type-product","3":"status-publish","4":"has-post-thumbnail","6":"product_cat-lampadas","8":"first","9":"instock","10":"sale","11":"taxable","12":"shipping-taxable","13":"purchasable","14":"product-type-simple"},"aioseo_notices":[],"_links":{"self":[{"href":"https:\/\/centralprojetores.com.br\/loja\/wp-json\/wp\/v2\/product\/2307","targetHints":{"allow":["GET"]}}],"collection":[{"href":"https:\/\/centralprojetores.com.br\/loja\/wp-json\/wp\/v2\/product"}],"about":[{"href":"https:\/\/centralprojetores.com.br\/loja\/wp-json\/wp\/v2\/types\/product"}],"replies":[{"embeddable":true,"href":"https:\/\/centralprojetores.com.br\/loja\/wp-json\/wp\/v2\/comments?post=2307"}],"wp:featuredmedia":[{"embeddable":true,"href":"https:\/\/centralprojetores.com.br\/loja\/wp-json\/wp\/v2\/media\/2081"}],"wp:attachment":[{"href":"https:\/\/centralprojetores.com.br\/loja\/wp-json\/wp\/v2\/media?parent=2307"}],"wp:term":[{"taxonomy":"product_brand","embeddable":true,"href":"https:\/\/centralprojetores.com.br\/loja\/wp-json\/wp\/v2\/product_brand?post=2307"},{"taxonomy":"product_cat","embeddable":true,"href":"https:\/\/centralprojetores.com.br\/loja\/wp-json\/wp\/v2\/product_cat?post=2307"},{"taxonomy":"product_tag","embeddable":true,"href":"https:\/\/centralprojetores.com.br\/loja\/wp-json\/wp\/v2\/product_tag?post=2307"}],"curies":[{"name":"wp","href":"https:\/\/api.w.org\/{rel}","templated":true}]}}