{"id":2160,"date":"2020-09-02T19:12:56","date_gmt":"2020-09-02T22:12:56","guid":{"rendered":"https:\/\/centralprojetores.com.br\/loja\/?post_type=product&#038;p=2160"},"modified":"2020-12-21T01:02:56","modified_gmt":"2020-12-21T04:02:56","slug":"tela-projecao-eletrica-84","status":"publish","type":"product","link":"https:\/\/centralprojetores.com.br\/loja\/produto\/tela-projecao-eletrica-84","title":{"rendered":"TELA PROJE\u00c7\u00c3O EL\u00c9TRICA 84&#8243;"},"content":{"rendered":"<p><strong>TELA PROJE\u00c7\u00c3O EL\u00c9TRICA 84&#8243;\u2013 ECO<\/strong><\/p>\n<p><strong>Tela modelo ECO (econ\u00f4mica)<\/strong><br \/>\nEl\u00e9trica, Motorizada com acionamento por controle remoto RF (r\u00e1dio frequ\u00eancia) e botoeira.<br \/>\nMotor de sincronismo silencioso.<br \/>\nPode ser fixada na parede ou no teto.<br \/>\nConfeccionado com tecido a base de fibra de vidro, proporcionando uma superf\u00edcie plana sem ondula\u00e7\u00f5es e vincos.<br \/>\nPossui bordas laterais de 3cm e borda superior de 5cm, acabamento diferenciado.<br \/>\nN\u00e3o indicada para instala\u00e7\u00e3o acima do forro.<\/p>\n<p><strong>Caracter\u00edsticas<\/strong><br \/>\n&#8211; Estrutura em a\u00e7o carbono<br \/>\n&#8211; Dispon\u00edvel em 110V ou 220V<br \/>\n&#8211; Dispon\u00edvel na cor Branca<br \/>\n&#8211; V\u00e1rios Formatos (4\/3), (16\/10), (16\/9)<br \/>\n&#8211; Motor de sincronismo<br \/>\n&#8211; Superf\u00edcie de proje\u00e7\u00e3o plana e sem vincos (N\u00e3o necessita de Tensionamento)<br \/>\n&#8211; Borda lateral de 3cm<br \/>\n&#8211; Tarja superior<br \/>\n&#8211; Todas as medidas s\u00e3o confeccionadas sem emendas no tecido (\u00e1rea visual)<br \/>\n&#8211; Tela com controle remoto sem fio &#8211; RF (r\u00e1dio frequ\u00eancia)<\/p>\n<p><strong>Op\u00e7\u00f5es de Tecidos<\/strong><br \/>\n&#8211; Matt White 2 \u2013 Fibra de Vidro (Tecido Importado, branco acetinado branco com verso preto e filamentos em Fibra de Vidro)<\/p>\n","protected":false},"excerpt":{"rendered":"<p><strong>Modelo: ECOE-002<\/strong><br \/>\n\u2022 Formato: 4:3 (V\u00eddeo)<br \/>\n\u2022 Diagonal (polegadas): 84&#8243;<br \/>\n\u2022 \u00c1rea de proje\u00e7\u00e3o: 170 x 127 cm<br \/>\n\u2022 Dimens\u00f5es do Estojo Met\u00e1lico: 206 cm<\/p>\n","protected":false},"featured_media":2162,"comment_status":"open","ping_status":"closed","template":"","meta":[],"product_brand":[],"product_cat":[230],"product_tag":[],"class_list":{"0":"post-2160","1":"product","2":"type-product","3":"status-publish","4":"has-post-thumbnail","6":"product_cat-telas-de-projecao","8":"first","9":"outofstock","10":"taxable","11":"shipping-taxable","12":"product-type-simple"},"aioseo_notices":[],"_links":{"self":[{"href":"https:\/\/centralprojetores.com.br\/loja\/wp-json\/wp\/v2\/product\/2160","targetHints":{"allow":["GET"]}}],"collection":[{"href":"https:\/\/centralprojetores.com.br\/loja\/wp-json\/wp\/v2\/product"}],"about":[{"href":"https:\/\/centralprojetores.com.br\/loja\/wp-json\/wp\/v2\/types\/product"}],"replies":[{"embeddable":true,"href":"https:\/\/centralprojetores.com.br\/loja\/wp-json\/wp\/v2\/comments?post=2160"}],"wp:featuredmedia":[{"embeddable":true,"href":"https:\/\/centralprojetores.com.br\/loja\/wp-json\/wp\/v2\/media\/2162"}],"wp:attachment":[{"href":"https:\/\/centralprojetores.com.br\/loja\/wp-json\/wp\/v2\/media?parent=2160"}],"wp:term":[{"taxonomy":"product_brand","embeddable":true,"href":"https:\/\/centralprojetores.com.br\/loja\/wp-json\/wp\/v2\/product_brand?post=2160"},{"taxonomy":"product_cat","embeddable":true,"href":"https:\/\/centralprojetores.com.br\/loja\/wp-json\/wp\/v2\/product_cat?post=2160"},{"taxonomy":"product_tag","embeddable":true,"href":"https:\/\/centralprojetores.com.br\/loja\/wp-json\/wp\/v2\/product_tag?post=2160"}],"curies":[{"name":"wp","href":"https:\/\/api.w.org\/{rel}","templated":true}]}}

TELA PROJEÇÃO ELÉTRICA 84&#8243;

<p><strong>TELA PROJEÇÃO ELÉTRICA 84&#8243;– ECO</strong></p>
<p><strong>Tela modelo ECO (econômica)</strong><br />
Elétrica, Motorizada com acionamento por controle remoto RF (rádio frequência) e botoeira.<br />
Motor de sincronismo silencioso.<br />
Pode ser fixada na parede ou no teto.<br />
Confeccionado com tecido a base de fibra de vidro, proporcionando uma superfície plana sem ondulações e vincos.<br />
Possui bordas laterais de 3cm e borda superior de 5cm, acabamento diferenciado.<br />
Não indicada para instalação acima do forro.</p>
<p><strong>Características</strong><br />
&#8211; Estrutura em aço carbono<br />
&#8211; Disponível em 110V ou 220V<br />
&#8211; Disponível na cor Branca<br />
&#8211; Vários Formatos (4/3), (16/10), (16/9)<br />
&#8211; Motor de sincronismo<br />
&#8211; Superfície de projeção plana e sem vincos (Não necessita de Tensionamento)<br />
&#8211; Borda lateral de 3cm<br />
&#8211; Tarja superior<br />
&#8211; Todas as medidas são confeccionadas sem emendas no tecido (área visual)<br />
&#8211; Tela com controle remoto sem fio &#8211; RF (rádio frequência)</p>
<p><strong>Opções de Tecidos</strong><br />
&#8211; Matt White 2 – Fibra de Vidro (Tecido Importado, branco acetinado branco com verso preto e filamentos em Fibra de Vidro)</p>

<p><strong>Modelo: ECOE-002</strong><br />
• Formato: 4:3 (Vídeo)<br />
• Diagonal (polegadas): 84&#8243;<br />
• Área de projeção: 170 x 127 cm<br />
• Dimensões do Estojo Metálico: 206 cm</p>
