{"id":2141,"date":"2020-08-16T01:28:21","date_gmt":"2020-08-16T04:28:21","guid":{"rendered":"https:\/\/centralprojetores.com.br\/loja\/?post_type=product&#038;p=2141"},"modified":"2020-12-21T01:03:57","modified_gmt":"2020-12-21T04:03:57","slug":"tela-de-projecao-retratil-120","status":"publish","type":"product","link":"https:\/\/centralprojetores.com.br\/loja\/produto\/tela-de-projecao-retratil-120","title":{"rendered":"TELA PROJE\u00c7\u00c3O RETR\u00c1TIL 120&#8243;"},"content":{"rendered":"<p><strong>DESCRI\u00c7\u00c3O<\/strong><br \/>\n&#8211; A tela de proje\u00e7\u00e3o retr\u00e1til com mecanismo de mola para acionamento manual \u00e9 um produto ideal para salas de reuni\u00e3o, escolas, igrejas, salas de aula e treinamento.<br \/>\n&#8211; Possui um estojo met\u00e1lico com pintura eletrost\u00e1tica anti-corrosiva que ajuda a proteger sua estrutura contra arranh\u00f5es.<br \/>\n&#8211; Por ter sua superf\u00edcie de proje\u00e7\u00e3o com material importado acetinado branco do tipo Matte White, ganha uma melhor nitidez e brilho da imagem.<br \/>\n&#8211; Possui multi pontos de parada facilitando o enquadramento da proje\u00e7\u00e3o.<\/p>\n<p><strong>LIMPEZA E MANUTEN\u00c7\u00c3O<\/strong><br \/>\n&#8211; Aconselha-se limpar a superf\u00edcie branca (\u00e1rea de proje\u00e7\u00e3o) com pano \u00famido com \u00e1gua morna e detergente neutro.<br \/>\n&#8211; Secar com pano em movimentos leves.<\/p>\n<p><strong>ESPECIFICA\u00c7\u00d5ES T\u00c9CNICAS<\/strong><\/p>\n<p>* \u00c1rea de Proje\u00e7\u00e3o: 244 x 183 cm<br \/>\n* Dimens\u00f5es em Polegadas: 120&#8243; (polegadas)<br \/>\n* Formato: 4:3 (Padr\u00e3o)<br \/>\n* Bordas: Sim (preta)<br \/>\n* Tecido: Matte White<br \/>\n* Dimens\u00f5es do Estojo Met\u00e1lico: 07 x 07 x 255 cm<br \/>\n* Peso do Produto: 9 Kg<\/p>\n<p>&nbsp;<\/p>\n","protected":false},"excerpt":{"rendered":"<p>Modelo: TBMS120V<br \/>\n\u2022 \u00c1rea de Proje\u00e7\u00e3o: 244 x 183 cm<br \/>\n\u2022 Formato: 4:3<\/p>\n","protected":false},"featured_media":2139,"comment_status":"open","ping_status":"closed","template":"","meta":[],"product_brand":[],"product_cat":[230],"product_tag":[],"class_list":{"0":"post-2141","1":"product","2":"type-product","3":"status-publish","4":"has-post-thumbnail","6":"product_cat-telas-de-projecao","8":"first","9":"outofstock","10":"taxable","11":"shipping-taxable","12":"product-type-simple"},"aioseo_notices":[],"_links":{"self":[{"href":"https:\/\/centralprojetores.com.br\/loja\/wp-json\/wp\/v2\/product\/2141","targetHints":{"allow":["GET"]}}],"collection":[{"href":"https:\/\/centralprojetores.com.br\/loja\/wp-json\/wp\/v2\/product"}],"about":[{"href":"https:\/\/centralprojetores.com.br\/loja\/wp-json\/wp\/v2\/types\/product"}],"replies":[{"embeddable":true,"href":"https:\/\/centralprojetores.com.br\/loja\/wp-json\/wp\/v2\/comments?post=2141"}],"wp:featuredmedia":[{"embeddable":true,"href":"https:\/\/centralprojetores.com.br\/loja\/wp-json\/wp\/v2\/media\/2139"}],"wp:attachment":[{"href":"https:\/\/centralprojetores.com.br\/loja\/wp-json\/wp\/v2\/media?parent=2141"}],"wp:term":[{"taxonomy":"product_brand","embeddable":true,"href":"https:\/\/centralprojetores.com.br\/loja\/wp-json\/wp\/v2\/product_brand?post=2141"},{"taxonomy":"product_cat","embeddable":true,"href":"https:\/\/centralprojetores.com.br\/loja\/wp-json\/wp\/v2\/product_cat?post=2141"},{"taxonomy":"product_tag","embeddable":true,"href":"https:\/\/centralprojetores.com.br\/loja\/wp-json\/wp\/v2\/product_tag?post=2141"}],"curies":[{"name":"wp","href":"https:\/\/api.w.org\/{rel}","templated":true}]}}

TELA PROJEÇÃO RETRÁTIL 120&#8243;

<p><strong>DESCRIÇÃO</strong><br />
&#8211; A tela de projeção retrátil com mecanismo de mola para acionamento manual é um produto ideal para salas de reunião, escolas, igrejas, salas de aula e treinamento.<br />
&#8211; Possui um estojo metálico com pintura eletrostática anti-corrosiva que ajuda a proteger sua estrutura contra arranhões.<br />
&#8211; Por ter sua superfície de projeção com material importado acetinado branco do tipo Matte White, ganha uma melhor nitidez e brilho da imagem.<br />
&#8211; Possui multi pontos de parada facilitando o enquadramento da projeção.</p>
<p><strong>LIMPEZA E MANUTENÇÃO</strong><br />
&#8211; Aconselha-se limpar a superfície branca (área de projeção) com pano úmido com água morna e detergente neutro.<br />
&#8211; Secar com pano em movimentos leves.</p>
<p><strong>ESPECIFICAÇÕES TÉCNICAS</strong></p>
<p>* Área de Projeção: 244 x 183 cm<br />
* Dimensões em Polegadas: 120&#8243; (polegadas)<br />
* Formato: 4:3 (Padrão)<br />
* Bordas: Sim (preta)<br />
* Tecido: Matte White<br />
* Dimensões do Estojo Metálico: 07 x 07 x 255 cm<br />
* Peso do Produto: 9 Kg</p>
<p>&nbsp;</p>

<p>Modelo: TBMS120V<br />
• Área de Projeção: 244 x 183 cm<br />
• Formato: 4:3</p>
