{"id":111,"date":"2020-04-03T23:44:04","date_gmt":"2020-04-04T02:44:04","guid":{"rendered":"https:\/\/www.centralprojetores.com.br\/loja\/?post_type=product&#038;p=111"},"modified":"2021-06-08T15:58:04","modified_gmt":"2021-06-08T18:58:04","slug":"tela-de-projecao-tripe-nardelli-nrt-001-standard-150-x-150","status":"publish","type":"product","link":"https:\/\/centralprojetores.com.br\/loja\/produto\/tela-de-projecao-tripe-nardelli-nrt-001-standard-150-x-150","title":{"rendered":"TELA PROJE\u00c7\u00c3O TRIP\u00c9 150 X 150"},"content":{"rendered":"<p><strong>Caracter\u00edsticas Gerais:<\/strong><\/p>\n<p>Tela de Proje\u00e7\u00e3o Trip\u00e9 &#8211; Standard, port\u00e1til indicada para uso educacional e corporativo em pequenos e m\u00e9dios ambientes. Produto desenvolvido para atender as necessidades das empresas e escolas que tenham necessidade de transportar facilmente a Tela de Proje\u00e7\u00e3o. Possui mecanismo de enrolamento autom\u00e1tico e trip\u00e9 telesc\u00f3pico acoplado ao conjunto da Tela.<\/p>\n<p><strong>Especifica\u00e7\u00f5es:<\/strong><\/p>\n<p>* Estrutura s\u00f3lida e muito leve, 100% em Alum\u00ednio, evitando corros\u00e3o, oxida\u00e7\u00e3o e desgaste por a\u00e7\u00e3o do tempo<br \/>\n* Pintura com tinta Ep\u00f3xi de alta resist\u00eancia<br \/>\n* Enrolamento autom\u00e1tico do tecido, com mecanismos de mola<br \/>\n* Tela Port\u00e1til<br \/>\n* Possui al\u00e7a anat\u00f4mica para carregar e transportar de forma f\u00e1cil e pr\u00e1tica<br \/>\n* Trip\u00e9 telesc\u00f3pico com ajuste de altura por gatilho de acionamento suave. (altura de at\u00e9 2,80mts)<br \/>\n* Sistema de ajuste de imagem trapezoidal \u2013 Keystone<br \/>\n* Dispon\u00edvel na cor Preta<br \/>\n* Tecido Matte White-I (branco com verso preto), estrutura com filamentos de poli\u00e9ster, ganho de brilho de 1.1<\/p>\n","protected":false},"excerpt":{"rendered":"<p><strong>Modelo: NRT-001<\/strong><br \/>\n\u2022 Formato: 1:1 (quadrado)<br \/>\n\u2022 Diagonal (polegadas): 84&#8243;<br \/>\n\u2022 \u00c1rea de proje\u00e7\u00e3o: 150 X 150 cm<\/p>\n","protected":false},"featured_media":2066,"comment_status":"open","ping_status":"closed","template":"","meta":[],"product_brand":[],"product_cat":[230],"product_tag":[],"class_list":{"0":"post-111","1":"product","2":"type-product","3":"status-publish","4":"has-post-thumbnail","6":"product_cat-telas-de-projecao","8":"first","9":"outofstock","10":"taxable","11":"shipping-taxable","12":"purchasable","13":"product-type-simple"},"aioseo_notices":[],"_links":{"self":[{"href":"https:\/\/centralprojetores.com.br\/loja\/wp-json\/wp\/v2\/product\/111","targetHints":{"allow":["GET"]}}],"collection":[{"href":"https:\/\/centralprojetores.com.br\/loja\/wp-json\/wp\/v2\/product"}],"about":[{"href":"https:\/\/centralprojetores.com.br\/loja\/wp-json\/wp\/v2\/types\/product"}],"replies":[{"embeddable":true,"href":"https:\/\/centralprojetores.com.br\/loja\/wp-json\/wp\/v2\/comments?post=111"}],"wp:featuredmedia":[{"embeddable":true,"href":"https:\/\/centralprojetores.com.br\/loja\/wp-json\/wp\/v2\/media\/2066"}],"wp:attachment":[{"href":"https:\/\/centralprojetores.com.br\/loja\/wp-json\/wp\/v2\/media?parent=111"}],"wp:term":[{"taxonomy":"product_brand","embeddable":true,"href":"https:\/\/centralprojetores.com.br\/loja\/wp-json\/wp\/v2\/product_brand?post=111"},{"taxonomy":"product_cat","embeddable":true,"href":"https:\/\/centralprojetores.com.br\/loja\/wp-json\/wp\/v2\/product_cat?post=111"},{"taxonomy":"product_tag","embeddable":true,"href":"https:\/\/centralprojetores.com.br\/loja\/wp-json\/wp\/v2\/product_tag?post=111"}],"curies":[{"name":"wp","href":"https:\/\/api.w.org\/{rel}","templated":true}]}}

TELA PROJEÇÃO TRIPÉ 150 X 150

<p><strong>Características Gerais:</strong></p>
<p>Tela de Projeção Tripé &#8211; Standard, portátil indicada para uso educacional e corporativo em pequenos e médios ambientes. Produto desenvolvido para atender as necessidades das empresas e escolas que tenham necessidade de transportar facilmente a Tela de Projeção. Possui mecanismo de enrolamento automático e tripé telescópico acoplado ao conjunto da Tela.</p>
<p><strong>Especificações:</strong></p>
<p>* Estrutura sólida e muito leve, 100% em Alumínio, evitando corrosão, oxidação e desgaste por ação do tempo<br />
* Pintura com tinta Epóxi de alta resistência<br />
* Enrolamento automático do tecido, com mecanismos de mola<br />
* Tela Portátil<br />
* Possui alça anatômica para carregar e transportar de forma fácil e prática<br />
* Tripé telescópico com ajuste de altura por gatilho de acionamento suave. (altura de até 2,80mts)<br />
* Sistema de ajuste de imagem trapezoidal – Keystone<br />
* Disponível na cor Preta<br />
* Tecido Matte White-I (branco com verso preto), estrutura com filamentos de poliéster, ganho de brilho de 1.1</p>

<p><strong>Modelo: NRT-001</strong><br />
• Formato: 1:1 (quadrado)<br />
• Diagonal (polegadas): 84&#8243;<br />
• Área de projeção: 150 X 150 cm</p>
