{"id":107,"date":"2020-04-03T23:33:33","date_gmt":"2020-04-04T02:33:33","guid":{"rendered":"https:\/\/www.centralprojetores.com.br\/loja\/?post_type=product&#038;p=107"},"modified":"2024-07-22T07:55:36","modified_gmt":"2024-07-22T10:55:36","slug":"suporte-para-projetor-girus-ii","status":"publish","type":"product","link":"https:\/\/centralprojetores.com.br\/loja\/produto\/suporte-para-projetor-girus-ii","title":{"rendered":"SUPORTE PROJETOR GIRUS II"},"content":{"rendered":"<p><strong>O Suporte de teto vers\u00e1til para Projetor Multim\u00eddia:<\/strong><\/p>\n<p>O Suporte Girus II possibilita a fixa\u00e7\u00e3o do projetor multim\u00eddia no teto ou na parede.<br \/>\nCom seu extensor integrado, permite facilmente a regulagem da altura do projetor multim\u00eddia no teto ou dist\u00e2ncia da parede. \u00c9 compat\u00edvel com a maioria dos projetores dispon\u00edveis no mercado, caracterizando-o como uma solu\u00e7\u00e3o universal. Seu sistema modular de montagem permite encaixar o projetor ap\u00f3s a fixa\u00e7\u00e3o do suporte no teto ou na parede, provendo uma instala\u00e7\u00e3o e posterior manuten\u00e7\u00e3o mais segura.<\/p>\n<p><strong>Principais caracter\u00edsticas:<\/strong><\/p>\n<p>\u2022 Instala\u00e7\u00e3o totalmente simples e r\u00e1pida com 4 pontos de fixa\u00e7\u00e3o<br \/>\n\u2022 Capacidade de carga:<br \/>\n&#8211; Instala\u00e7\u00e3o na parede: at\u00e9 6 kg<br \/>\n&#8211; Instala\u00e7\u00e3o no teto: at\u00e9 15 kg<br \/>\n\u2022 Inclina\u00e7\u00e3o: \u00e2ngulo de aproximadamente 20\u00b0<br \/>\n\u2022 Tubo extensor de at\u00e9 630 mm<br \/>\n\u2022 Dispon\u00edvel na cor branca<br \/>\n\u2022 Di\u00e2metro de fixa\u00e7\u00e3o: aproximadamente 350 mm<br \/>\n\u2022 Fabricado em alum\u00ednio e a\u00e7o carbono<br \/>\n\u2022 Fornecido com parafusos, arruelas, buchas e chave allen<\/p>\n","protected":false},"excerpt":{"rendered":"<p><strong>Modelo: Girus II<\/strong><br \/>\n\u2022 Tubo extensor: At\u00e9 630 mm<br \/>\n\u2022 Inclina\u00e7\u00e3o: \u00c2ngulo de aproximadamente 20\u00b0<br \/>\n\u2022 Cor: Branca<\/p>\n","protected":false},"featured_media":2059,"comment_status":"open","ping_status":"closed","template":"","meta":[],"product_brand":[],"product_cat":[231],"product_tag":[],"class_list":{"0":"post-107","1":"product","2":"type-product","3":"status-publish","4":"has-post-thumbnail","6":"product_cat-acessorios","8":"first","9":"instock","10":"sale","11":"taxable","12":"shipping-taxable","13":"purchasable","14":"product-type-simple"},"aioseo_notices":[],"_links":{"self":[{"href":"https:\/\/centralprojetores.com.br\/loja\/wp-json\/wp\/v2\/product\/107","targetHints":{"allow":["GET"]}}],"collection":[{"href":"https:\/\/centralprojetores.com.br\/loja\/wp-json\/wp\/v2\/product"}],"about":[{"href":"https:\/\/centralprojetores.com.br\/loja\/wp-json\/wp\/v2\/types\/product"}],"replies":[{"embeddable":true,"href":"https:\/\/centralprojetores.com.br\/loja\/wp-json\/wp\/v2\/comments?post=107"}],"wp:featuredmedia":[{"embeddable":true,"href":"https:\/\/centralprojetores.com.br\/loja\/wp-json\/wp\/v2\/media\/2059"}],"wp:attachment":[{"href":"https:\/\/centralprojetores.com.br\/loja\/wp-json\/wp\/v2\/media?parent=107"}],"wp:term":[{"taxonomy":"product_brand","embeddable":true,"href":"https:\/\/centralprojetores.com.br\/loja\/wp-json\/wp\/v2\/product_brand?post=107"},{"taxonomy":"product_cat","embeddable":true,"href":"https:\/\/centralprojetores.com.br\/loja\/wp-json\/wp\/v2\/product_cat?post=107"},{"taxonomy":"product_tag","embeddable":true,"href":"https:\/\/centralprojetores.com.br\/loja\/wp-json\/wp\/v2\/product_tag?post=107"}],"curies":[{"name":"wp","href":"https:\/\/api.w.org\/{rel}","templated":true}]}}

<p><strong>O Suporte de teto versátil para Projetor Multimídia:</strong></p>
<p>O Suporte Girus II possibilita a fixação do projetor multimídia no teto ou na parede.<br />
Com seu extensor integrado, permite facilmente a regulagem da altura do projetor multimídia no teto ou distância da parede. É compatível com a maioria dos projetores disponíveis no mercado, caracterizando-o como uma solução universal. Seu sistema modular de montagem permite encaixar o projetor após a fixação do suporte no teto ou na parede, provendo uma instalação e posterior manutenção mais segura.</p>
<p><strong>Principais características:</strong></p>
<p>• Instalação totalmente simples e rápida com 4 pontos de fixação<br />
• Capacidade de carga:<br />
&#8211; Instalação na parede: até 6 kg<br />
&#8211; Instalação no teto: até 15 kg<br />
• Inclinação: ângulo de aproximadamente 20°<br />
• Tubo extensor de até 630 mm<br />
• Disponível na cor branca<br />
• Diâmetro de fixação: aproximadamente 350 mm<br />
• Fabricado em alumínio e aço carbono<br />
• Fornecido com parafusos, arruelas, buchas e chave allen</p>

<p><strong>Modelo: Girus II</strong><br />
• Tubo extensor: Até 630 mm<br />
• Inclinação: Ângulo de aproximadamente 20°<br />
• Cor: Branca</p>
